*j + 9. Let z be v(8). Suppose -z*d + 13*d = 20. Suppose f - 187 = -5*s, -4*f + 129 + 64 = d*s. What are the prime factors of s?
37
Let l(p) = -10*p - 25. Let k be l(-3). Suppose k*q + 3060 = 5*h, 4*h + 4*q = 9*q + 2450. What are the prime factors of h?
2, 5, 61
Let u be (3/(-3) + (-20)/(-30))*-2001. Suppose 5*g = 2*d + 2354, g - 3*d - u = -204. List the prime factors of g.
2, 59
Let v(a) = -a**2 + 7*a - 10. Let o be 5/((-10)/(-7))*(-8)/(-7). Let s be v(o). What are the prime factors of -104*(4 + (-9)/s)?
2, 13
Let q be (-55)/(-22)*116/5. Suppose 0 = f + 5*t + q, 2*t + 2*t = 8. What are the prime factors of (2/(-4))/(2/f)?
17
Suppose 2268*x - 2260*x - 69952 = 0. List the prime factors of x.
2, 1093
Suppose -2*b = -4*v - 1140, -582*b + 2*v = -583*b + 574. List the prime factors of b.
2, 11, 13
Let y(u) = -340*u**3 - 3*u - 3. Let b be y(-1). Suppose -3*h - 5*v = -1533 - b, 4*v - 3113 = -5*h. List the prime factors of h.
3, 23
Let o(q) = -q - 6. Let m be o(-16). Let b = m - 8. Suppose -h - 4*l = 14 - b, 5*h + 3*l - 25 = 0. What are the prime factors of h?
2
Suppose -g + 14*n = 9*n - 25278, n = -2*g + 50567. What are the prime factors of g?
131, 193
Let t be (4 + 68/(-12))/(25/(-30)). Suppose -2*q + 834 = -2*h, t*q = 5*h - 7*h + 818. List the prime factors of q.
7, 59
What are the prime factors of -5 - ((15/(-5))/(-3) + -14643 + -10)?
97, 151
Suppose 0 = 38*i - 34*i + 4*w - 25408, -w + 25417 = 4*i. What are the prime factors of i?
5, 31, 41
Let v(z) = 13*z**2 - 5*z - 10. Let f = -38 - -46. Suppose -5*b - f*b - 26 = 0. What are the prime factors of v(b)?
2, 13
Let p(g) = 11 - 50*g + g**3 + 0*g**2 + 59*g + 8 - 10*g**2. List the prime factors of p(12).
5, 83
Let k(q) = -6*q + 19. Let z be k(3). Let g be z/(-4) + (45/4)/(-3). What are the prime factors of 1 + 3 + g + 25?
5
Let h(m) = -10*m**3 - 24*m**2 + 19*m - 20. List the prime factors of h(-9).
5, 1031
Let r be (-33939)/12 + (-1)/(-4) - -5. Let q = r - -4158. What are the prime factors of q?
3, 5, 89
Suppose -37*l + 30059 + 726241 + 203998 = 0. What are the prime factors of l?
2, 19, 683
Suppose 207*k - 221*k = -62494 - 108054. What are the prime factors of k?
2, 6091
Let b(c) = c**3 - 9*c**2 + 10*c - 1. Suppose -2*w + 6 = 0, -3*y + 5*w = -80 - 25. Let r = -31 + y. List the prime factors of b(r).
89
Suppose -5*q = -9*q - 204. List the prime factors of q/(-119) + 11415/21.
2, 17
Let o(j) = -434*j - 56. Let q(l) = -4*l. Let g(i) = o(i) + 12*q(i). List the prime factors of g(-3).
2, 5, 139
Suppose -25*o - 22989 = -178314. What are the prime factors of o?
3, 19, 109
Suppose 2145 = -11*s + 24805. Let l = s + -1236. What are the prime factors of l?
2, 103
Suppose 1962*h = 1960*h + 27732. List the prime factors of h.
2, 3, 2311
Let b = 6 + -1. Let k = 8 - b. What are the prime factors of k + 34 - -3 - -1?
41
Suppose -11543 = -48*u + 121. Let o = -153 - -26. Let t = u + o. What are the prime factors of t?
2, 29
Suppose 18*u = -2*m + 21*u + 20703, -4*m = u - 41371. List the prime factors of m.
2, 3, 431
Let a be (58/435)/(468/155 + -3)*9. Let m = -4 + 1. What are the prime factors of (m - (-54)/12)*1*a?
3, 31
Let o = -457 + 3863. List the prime factors of o.
2, 13, 131
Suppose 6*s = -2*w + 2*s - 18, -3*s = 4*w + 26. List the prime factors of 6562/w*-1 - 9/(-15).
13, 101
Let q(b) = -67*b**3 - 2*b - 4. Let o be q(-2). Suppose -o = 5*t + 229. Let z = -85 - t. What are the prime factors of z?
2, 17
Suppose -30 = 34*u - 40*u. Let y be (7/u)/(0 - (-1)/5). Let t(m) = 4*m**2 - 10*m + 10. List the prime factors of t(y).
2, 17
Let a = 723 + 297. Suppose 11*c - 7*c = a. List the prime factors of c.
3, 5, 17
Suppose 2*h = f - 6, 8*h + 58 = 5*f + 12*h. Suppose -f*p + 6680 = -2*p. What are the prime factors of p?
5, 167
Let n = 35 + -562. Let r = -278 - n. Let c = r + -139. List the prime factors of c.
2, 5, 11
Let m(v) = -2*v**3 - 9*v**2 - 3*v + 14. Let o be m(-6). What are the prime factors of (-70)/4*-24*10/o?
2, 3, 5
Suppose 1 - 5 = -4*f. Let l = -23 - f. Let g = 61 - l. List the prime factors of g.
5, 17
Suppose -5*y = 565 - 430. List the prime factors of 9/y + 9844/12.
2, 5, 41
Let z be (-136747)/(-52) - (-2 - 7/(-4)). What are the prime factors of (z/35)/(6/42)?
2, 263
Let d = 32114 - 18468. List the prime factors of d.
2, 6823
Let y(p) = p**3 - 13*p**2 - 17*p + 26. Let n be y(14). What are the prime factors of (220/n + 1)*-20?
3, 5, 17
Let r = 37786 - 12847. List the prime factors of r.
3, 17, 163
Let u = -28 - -33. Suppose -4*x + 777 = -u*y - 1326, 3*x - 1576 = 4*y. Suppose 5*h = 5*m - 0*m + 635, -4*h + x = 2*m. List the prime factors of h.
131
Suppose 42*f - 37*f + 3*k = 67166, -4*f + 53755 = -5*k. What are the prime factors of f?
5, 2687
Let a(h) be the first derivative of 223*h**3/3 + 9*h**2/2 + 2*h + 87. What are the prime factors of a(-1)?
2, 3
Suppose 112215 = -55*u + 444470. What are the prime factors of u?
7, 863
Let f(z) = 7*z**3 - 16*z**2 + 4*z + 5. Suppose 127 = 33*v - 71. What are the prime factors of f(v)?
5, 193
Let q = 259 + -257. Suppose 3*v - 5*j + 109 = 2577, q*j - 2440 = -3*v. List the prime factors of v.
2, 3, 17
Suppose c + c = -a + 13, 0 = -c + 5*a + 1. Suppose 8*x = -c + 30. Suppose -3*z = 4*r - 154, 5*z = x + 7. What are the prime factors of r?
37
Let o = -362 - -367. List the prime factors of (502 - -1) + (15 - 5)/o.
5, 101
Suppose -3 = 10*y + 7. List the prime factors of (41 + -703)/(-1 + y).
331
Let p = 395 - -315. Let i = p - 607. What are the prime factors of i?
103
Let q be (-81788)/(-6) - ((-39)/(-9) - 4). Suppose 27388 = 33*y - q. What are the prime factors of y?
11, 113
Suppose -6*z + 309 = -3*z. Let i = z - 98. What are the prime factors of 604*(0 + i/20)?
151
Suppose -12966 - 604 = -10*a. Suppose 4115 - a = 7*p. What are the prime factors of p?
2, 197
Let h(a) = 2*a**2 + 167*a + 48. What are the prime factors of h(-99)?
3, 1039
Suppose 0 = -46*t + 63*t - 85. Suppose -4*g + t*a = -100, 7*a = 2*g + 3*a - 56. What are the prime factors of g?
2, 5
Suppose -390*h + 400*h - 2600 = 0. What are the prime factors of h?
2, 5, 13
Let m(j) = 124*j**3 + 2*j**2 + 6*j + 5. What are the prime factors of m(4)?
11, 727
Suppose 0 = 20*m + 142 + 138. What are the prime factors of (3 - -158) + 14/m?
2, 5
Let y(i) = -23*i - 97. Let p(n) = -n**2 + 14*n - 7. Let v be p(14). List the prime factors of y(v).
2
Suppose 0 = -12*u + 10*u + j + 77177, -8*u + j = -308705. List the prime factors of u.
2, 11, 877
Let l = 1308 - 264. Let b = -518 + l. What are the prime factors of b?
2, 263
Let l = -814 - -518. Let d = -600 - -1085. Let t = d + l. List the prime factors of t.
3, 7
Let p(m) = 8*m + 25. Let q be p(7). Suppose -25 = 2*k - q. Let b = 76 - k. What are the prime factors of b?
2, 3
Suppose 2*o = -b + 109 - 1143, 0 = 5*b + 20. Let v = 1121 + o. List the prime factors of v.
2, 3, 101
Suppose -3*f + 147 = 3*n, -6*f + 5*n = -f - 235. Let z be ((-300)/f)/((-2)/80). Suppose 4*m = z + 750. List the prime factors of m.
2, 5
Let a be (-1 + 76/8)/((-2)/20). Let c be (-3 + a/(-25))*20. Suppose -620 = -c*o + 4*o. List the prime factors of o.
5, 31
Let z = 12917 - 1073. List the prime factors of z.
2, 3, 7, 47
Let f(g) = -2*g**2 + 11*g. Let z be f(5). Suppose 3*b - 4*i - 2 - 16 = 0, 23 = 4*b - z*i. What are the prime factors of ((-441)/(-6) - b)/((-4)/(-8))?
11, 13
What are the prime factors of 6 + 5852/2 + -7?
3, 5, 13
Let f(q) = -1883*q + 1414. List the prime factors of f(-16).
2, 3, 7, 751
Let t = 99 - -80. Let h = t - 125. Let y = -20 + h. What are the prime factors of y?
2, 17
Let d(y) = -y**2 + y. Let j(k) = -4*k**2 + 8*k - 229. Let g(z) = 6*d(z) - j(z). What are the prime factors of g(0)?
229
Let h = -176650 + 248269. What are the prime factors of h?
3, 23873
Let h = 13391 + 12447. List the prime factors of h.
2, 12919
Let t = -82165 - -116613. What are the prime factors of t?
2, 2153
Let k = -815 - -821. List the prime factors of k - (-1872 + 6 - 6).
2, 3, 313
Let k = 125 + -45. Let y = 228 + k. What are the prime factors of y?
2, 7, 11
Let d(b) = -14*b - 54. Let x be d(-4). Suppose x*h = -6, 2*p + 51 = 6*p - 5*h. What are the prime factors of p?
3
Suppose 5*p + 101*p + 18*p = 467480. What are the prime factors of p?
2, 5, 13, 29
Let w(t) = -t - 10. Let y(o) = 2*o + 11. Suppose 4*f + 19 = 7. Let q(j) =